4
In base 16, what is -a - 93?
-9d
In base 16, what is -51 + 1?
-50
In base 16, what is -4 + 73?
6f
In base 10, what is 1899 + 2?
1901
In base 7, what is 1224 - -126?
1353
In base 9, what is -185 - -35?
-150
In base 11, what is -52 - 10?
-62
In base 9, what is -2 - 116?
-118
In base 12, what is 741 - 4?
739
In base 15, what is -9 + 5?
-4
In base 13, what is 838 + 1?
839
In base 14, what is 6 - 28?
-22
In base 10, what is -171 + 7?
-164
In base 2, what is -10000 + 1001000?
111000
In base 16, what is 0 - 95?
-95
In base 7, what is 46 + 233?
312
In base 12, what is -4 + -3a?
-42
In base 11, what is 96 - 2?
94
In base 3, what is -10 + -12012120?
-12012200
In base 10, what is -127 + 53?
-74
In base 12, what is -b9 + 9?
-b0
In base 14, what is b8 + 7?
c1
In base 14, what is -1 - 5ac?
-5ad
In base 3, what is -11012 + 0?
-11012
In base 3, what is -2000000 - -12?
-1222211
In base 3, what is -210 + -102?
-1012
In base 3, what is -222 - -121?
-101
In base 16, what is -c5 + -1c?
-e1
In base 4, what is 203321 + 11?
203332
In base 14, what is 1438 - 2?
1436
In base 5, what is -244 + -20?
-314
In base 15, what is 6 - e1?
-da
In base 11, what is -2188 - -6?
-2182
In base 8, what is 40 + -5?
33
In base 14, what is -3 + 3a5?
3a2
In base 15, what is 975 - -9?
97e
In base 15, what is 5ac - 0?
5ac
In base 9, what is 188 + 13?
212
In base 8, what is 30 + -17?
11
In base 4, what is -2 - 131210?
-131212
In base 6, what is -4 - -114?
110
In base 3, what is -10 + -22210210?
-22210220
In base 7, what is -11 - -10?
-1
In base 8, what is 0 + -23?
-23
In base 8, what is -602 - -3?
-577
In base 4, what is 0 + 1110?
1110
In base 9, what is 87 - -310?
407
In base 4, what is -131 + 103?
-22
In base 12, what is -2921 - -5?
-2918
In base 14, what is 175 + -5?
170
In base 13, what is -3 - 52?
-55
In base 11, what is 4 + -2787?
-2783
In base 10, what is 99 + -45?
54
In base 5, what is -40 - -3020?
2430
In base 7, what is 22 + 40?
62
In base 2, what is 11100010 + 101?
11100111
In base 6, what is 1 + 5203?
5204
In base 2, what is -10 + 1110111101?
1110111011
In base 10, what is -71 + 221?
150
In base 2, what is 1 + 1101001?
1101010
In base 5, what is -4 + 40?
31
In base 10, what is -4 + 70?
66
In base 6, what is -31 - -14?
-13
In base 8, what is -246 + -14?
-262
In base 5, what is -10 + 24?
14
In base 3, what is -122101 + -12?
-122120
In base 12, what is 0 + 522?
522
In base 14, what is 0 - -a1?
a1
In base 2, what is -11001101 + -10011?
-11100000
In base 6, what is 4 + 353?
401
In base 2, what is -10100 + -11?
-10111
In base 7, what is 24 - 0?
24
In base 11, what is -9 + a7?
99
In base 12, what is a3 + -5?
9a
In base 11, what is -4 + -113?
-117
In base 5, what is -22 - 1001?
-1023
In base 6, what is -5023 + -1?
-5024
In base 4, what is 1 - 1132?
-1131
In base 8, what is 5 + -43?
-36
In base 3, what is -122200 + -12?
-122212
In base 11, what is 16 + 8?
23
In base 6, what is -5 + -1252?
-1301
In base 2, what is 1010100 - -11?
1010111
In base 2, what is 1 - 1010000100?
-1010000011
In base 3, what is 202 + -1002202?
-1002000
In base 3, what is 0 - 1022111?
-1022111
In base 3, what is 2010111 + 11?
2010122
In base 7, what is -3324 - -12?
-3312
In base 8, what is 15 - 454?
-437
In base 9, what is 650 - 3?
646
In base 14, what is -5 - 13b5?
-13ba
In base 16, what is 6 + -6?
0
In base 4, what is 1 + 232312?
232313
In base 16, what is -42 - -19?
-29
In base 10, what is 3 - 22?
-19
In base 6, what is 2 + -343?
-341
In base 4, what is 13 + -30?
-11
In base 8, what is 1 + -551?
-550
In base 10, what is 838 - -4?
842
In base 9, what is 117 + 5?
123
In base 6, what is 12 + -140?
-124
In base 3, what is -1200 - -11?
-1112
In base 11, what is 1a0 + 2?
1a2
In base 15, what is -e - -15d?
14e
In base 12, what is -b - -1?
-a
In base 7, what is -154 + -4?
-161
In base 10, what is 1543 + -2?
1541
In base 13, what is -6 + -60a?
-613
In base 3, what is 10 + -2210011?
-2210001
In base 9, what is -4 + -600?
-604
In base 8, what is 5 - 3614?
-3607
In base 4, what is -13 - 110?
-123
In base 2, what is -111 + 1001?
10
In base 13, what is 16b + 18?
186
In base 16, what is 4 - 24f?
-24b
In base 16, what is 4f - 5?
4a
In base 10, what is 5 - 179?
-174
In base 9, what is 0 + 611?
611
In base 10, what is 16 - -481?
497
In base 11, what is -3 - -19?
16
In base 8, what is 1 - -5061?
5062
In base 10, what is -5 - 54?
-59
In base 4, what is -220 - -20?
-200
In base 8, what is -6360 - 1?
-6361
In base 11, what is -1499 - 7?
-14a5
In base 7, what is 11526 - 2?
11524
In base 2, what is -110010 + -1000?
-111010
In base 2, what is -11 - 1110010?
-1110101
In base 7, what is -3 + 1216?
1213
In base 13, what is -1 - -5c?
5b
In base 14, what is -47 - 25?
-6c
In base 8, what is 16 + -274?
-256
In base 15, what is 23 - 18?
a
In base 11, what is -4 - 1012?
-1016
In base 5, what is -13 - -3034?
3021
In base 7, what is 240 - 2?
235
In base 15, what is -1 + 5?
4
In base 9, what is -7 - 113?
-121
In base 4, what is 0 + -32?
-32
In base 13, what is 59 - -1ab?
237
In base 2, what is -10011110 + -11?
-10100001
In base 9, what is 117 + 11?
128
In base 16, what is -58a + -3?
-58d
In base 8, what is -13 - 3?
-16
In base 14, what is 3 - -54?
57
In base 11, what is 12a + -12?
118
In base 2, what is -1111 - -111100?
101101
In base 2, what is 10010 + -1001?
1001
In base 7, what is 4 - 153?
-146
In base 10, what is -4 - 28?
-32
In base 5, what is -322214 - 2?
-322221
In base 3, what is 2001 - 1?
2000
In base 9, what is 551 - 2?
548
In base 9, what is -4 - 77?
-82
In base 11, what is -47 - 6?
-52
In base 16, what is 24 + -4?
20
In base 12, what is -694 + -5?
-699
In base 14, what is 4 - -31c1?
31c5
In base 12, what is -1 - -163?
162
In base 12, what is 3 + 52?
55
In base 11, what is -1 - 446a?
-4470
In base 13, what is 15 - -61?
76
In base 8, what is -16 + -21?
-37
In base 12, what is -130 + -5?
-135
In base 2, what is 11001 - -10101?
101110
In base 16, what is -4 - 9?
-d
In base 6, what is 54354 + 3?
54401
In base 13, what is 4 + 50?
54
In base 15, what is -348 + 2?
-346
In base 6, what is 1 + -20051?
-20050
In base 14, what is -22 + 4?
-1c
In base 5, what is 323133 - -3?
323141
In base 6, what is -1155 + -2?
-1201
In base 5, what is -21 + 230?
204
In base 4, what is -20 + -100?
-120
In base 8, what is -22 - -64?
42
In base 4, what is -220210 + 21?
-220123
In base 12, what is 7 + 47?
52
In base 7, what is 4 + 54?
61
In base 14, what is -1916 + -1?
-1917
In base 10, what is -21 - 217?
-238
In base 11, what is -3 - -166?
163
In base 5, what is -13200 - -10?
-13140
In base 6, what is -2 - 154?
-200
In base 2, what is 11 + 11000101?
11001000
In base 5, what is -3213 + -2?
-3220
In base 9, what is -31 - 2?
-33
In base 4, what is 3133 - -11?
3210
In base 7, what is -5 - 25?
-33
In base 7, what is -106 + 15?
-61
In base 16, what is 43 + 4?
47
In base 2, what is 11001 - -11?
11100
In base 9, what is 1 + 2?
3
In base 11, what is 0 - 386?
-386
In base 16, what is 0 + 48?
48
In base 6, what is -4 + -342?
-350
In base 15, what is 5 + -64?
-5e
In base 15, what is -4bc + -5?
-4c2
In base 3, what is 21 + -1000?
-202
In base 14, what is -2a4a + 3?
-2a47
In base 7, what is 56 + 0?
56
In base 4, what is 2021 - 3?
2012
In base 14, what is 1163 - -2?
1165
In base 2, what is -10010 - -100?
-1110
In base 16, what is 72 - -4?
76
In base 5, what is 3 - -14202?
14210
In base 5, what is -3000 + 4?
-2441
In base 5, what is -224 + -33?
-312
In base 11, what is -1 + 580?
57a
In base 2, what is 10101110010 + -10?
10101110000
In base 11, what is 605 + 4?
609
In base 4, what is 10 - -1232231?
1232301
In base 14, what is -12 - -65?
53
In base 3, what is -10220220 - 2?
-10220222
In base 14, what is -84 + 1d?
-65
In base 14, what is 2 - b92?
-b90
In base 10, what is 2022 + -1?
2021
In base 9, what is 5 + 164?
170
In base 10, what is 200 + -3?
197
In base 13, what is 2 + -47b?
-479
In base 16, what is 1 + -326?
-325
In base 15, what is 2 + -422?
-420
In base 14, what is -58 + 9?
-4d
In base 11, what is 5 + 268?
272
In base 6, what is 5 - -210?
215
In base 15, what is 2b - 0?
2b
In base 7, what is -4 - -360?
353
In base 5, what is 2 - 1112?
-1110
In base 8, what is 0 - 666?
-666
In base 4, what is 21 - -112313?
113000
In base 11, what is -40 + 7?
-34
In base 2, what is -100110 